3 = -5*s. What is the units digit of s?
8
Suppose 4*p - 3*p = 2. Let f(x) = x + 2. Let w be f(3). Suppose -p*u + w = 3*u. What is the units digit of u?
1
Suppose -16*h + 2809 + 1383 = 0. What is the hundreds digit of h?
2
Let t(p) = 34*p - 2. What is the units digit of t(1)?
2
Let v be 0 - -8 - (-1)/1. Suppose 2*j = 5*j - v. What is the units digit of j?
3
Let k(l) = -l**3 - 2. Let y be k(-2). Let i = 1 + 1. Suppose -y = o - i*o. What is the units digit of o?
6
Let d = -48 + 97. What is the tens digit of d?
4
Let q = 1 - 1. Suppose 0 = -q*n + 4*n - 56. What is the tens digit of n?
1
Let z(c) = -c - 12. Let w be z(-5). Let u = -14 - w. Let n = u + 16. What is the units digit of n?
9
Suppose 39 = -3*u - 2*a, -u + 2*u - 4*a = 1. Let b = u + 33. What is the tens digit of b?
2
Let b = -5 - -7. Let l = 2 - b. Suppose l = -0*y - y + 10. What is the tens digit of y?
1
Let m = -19 + 11. What is the tens digit of (-2)/m - 268/(-16)?
1
Suppose 2*r + r = 150. What is the units digit of r?
0
Suppose f - 51 = -0*f. What is the tens digit of f?
5
Let q(i) = i - 3. Let b be q(4). Let d be 4 + b + (-2 - 1). Suppose -3*t + 7 = -d. What is the units digit of t?
3
Suppose -10*x = -7*x - 69. What is the tens digit of x?
2
Let b(n) = 2*n**3 - 7*n**2 - 3*n - 7. What is the hundreds digit of b(6)?
1
Let d = 152 - 2. What is the hundreds digit of d?
1
Let v = 12 + -3. Suppose q = -4*p + v, -2*p = -q + 3*q - 6. What is the units digit of q?
1
Let v(t) = 300*t**3 - t**2 + 3*t - 1. What is the tens digit of v(1)?
0
Suppose 4*v - 240 = 844. What is the hundreds digit of v?
2
Let r = 40 + -32. What is the units digit of r?
8
Let d(k) = k**3 - 7*k**2 - 8*k + 1. Let a(z) = 2*z**3 - z**2 - 3*z + 2. Suppose -2*y + 0 = -4. Let c be a(y). What is the units digit of d(c)?
1
What is the units digit of (-705)/(-3) + (5 - 7)?
3
Suppose 0 = -5*q - 4*a + 3*a - 84, 0 = 2*q - 5*a + 12. Let i = -8 - q. What is the units digit of i?
8
Suppose 4*p - 2*u = 120 + 380, 4*p - u = 502. Let x = 181 - p. What is the units digit of x?
5
Suppose -2*o - 80 = -6*o. Suppose d + o = 4*a + 6, -6 = -3*d. What is the units digit of (-42)/a*(-4)/6?
7
What is the tens digit of -9*(-1)/(6/38)?
5
Let u = 0 - -3. Suppose 4*l - 12 = 20. Let p = l - u. What is the units digit of p?
5
Let p = -14 + 21. What is the units digit of p?
7
What is the units digit of 1 - -46 - 1 - -1?
7
Let o be 24/36 + 164/6. Suppose -b = -5*b + o. What is the units digit of b?
7
Let p(w) = 6*w - 3. Let q be p(2). Let n = q + -11. What is the units digit of (-7)/14 + (-13)/n?
6
Let t be ((-10)/4 + 2)*-48. Let r = -8 + t. Suppose -b - 11 = -2*p - 3, 4*p - r = -3*b. What is the units digit of p?
4
Suppose -s = 3*s + 20. What is the units digit of s/(-3) + 14/(-21)?
1
Suppose -39 = -0*p + 2*p - s, 3*s = p + 12. Suppose b - l - 37 = 0, 2*b + 0*l = 4*l + 76. Let g = b + p. What is the units digit of g?
5
What is the hundreds digit of (-2)/(-18) - 64192/(-288)?
2
Let x(u) = 7*u + 3 + 5*u + 0. What is the units digit of x(2)?
7
Suppose a = -4 - 1. Let j(x) = -x + 1. Let p be j(a). Suppose -p + 0 = -3*l. What is the units digit of l?
2
Let h = -4 - -6. Let k(z) = z**3 - 5*z**2 + 3*z. Let i be k(h). What is the units digit of (-36)/i - (1 - 0)?
5
Let q be 2 + (2 - (0 - -7)). Let o be (-1 + 0)/(q/(-15)). Let x(g) = g + 6. What is the units digit of x(o)?
1
Let c(v) = -v + 13. Let d be c(8). Suppose -d*b - 5*o - 10 = 0, 5*b - 2*o = 2*o - 28. What is the units digit of (-2)/(-4) + (-22)/b?
6
Let u = 510 - 259. What is the tens digit of u?
5
Let r(m) = m**2 - 5*m - 9. Let d be r(7). Suppose -84 = -d*u + 11. What is the units digit of u?
9
Let k(c) = c**2 - 6. Let t(u) = u**2 - 7. Let i(y) = 5*k(y) - 4*t(y). Let x be i(-2). Suppose -4*d = 5*a + 6, a - x - 1 = -5*d. What is the units digit of d?
1
Let a(u) = -u**3 + 5*u**2 - u - 4. Let s be a(4). Suppose -s = 6*y - 68. What is the tens digit of y?
1
Suppose 0 = 4*c - 10 - 6. Suppose -4*q - 3 + 37 = m, -4*q = -c*m - 44. What is the units digit of q?
9
Suppose 10 = -2*h + 3*h + 4*q, -2 = -2*q. Let g be (-18)/(-4) + h/(-12). Suppose g*r + 26 = 6*r. What is the tens digit of r?
1
Suppose -1 = h - 0. Let u be -1 - (h + (-2 - 6)). Let l = u + -2. What is the units digit of l?
6
Let p(m) = m**3 + 8*m**2. Let w be p(-8). Suppose -x + 17 = -w. What is the units digit of x?
7
Let u be (-2)/5 - 369/15. Let l = -48 - u. Let x = -16 - l. What is the units digit of x?
7
Suppose -173 = -2*v - 2*l + 97, 0 = 2*v - 4*l - 252. What is the tens digit of v?
3
Suppose -h - h = -6. Suppose h*b = 146 + 31. Suppose 0 = 4*n - b + 7. What is the units digit of n?
3
Let r = -9 + 17. Let f = 11 - r. What is the units digit of f?
3
Suppose w + 1 = a, a + w = -3*w + 21. Suppose -a*g + 34 = -1. What is the units digit of g?
7
Let f(z) be the third derivative of z**5/15 + z**3/6 + 2*z**2. What is the units digit of f(-1)?
5
Suppose -12 - 17 = -2*i + 5*a, i = -2*a - 8. Suppose 5*h = 3*q - 85, -3*q + 2*h + i*h + 83 = 0. What is the tens digit of q?
2
Suppose -4*u + 2*u = -88. Suppose 42*s + 25 = 47*s. Suppose -3*z = -s*c - u, 0 = -4*z - 3*c + 43 + 35. What is the tens digit of z?
1
Let r = 113 - 36. What is the tens digit of r?
7
Let c(a) be the second derivative of a**4/12 + a**3/2 - a**2/2 + a. Let v = -81 + 77. What is the units digit of c(v)?
3
Suppose 2*k + n = 1, k - n - 4*n - 17 = 0. Suppose 2*h + 4*s = 11 + 7, k*h = 2*s. Suppose 2*l - 15 = -f, h*l - 2*f = -f + 25. What is the units digit of l?
8
Suppose -3*t = 74 + 1. Let f = -13 - t. What is the units digit of f?
2
Let x(t) = -2*t + 3*t + t**3 + 10 + 0*t - t**2 + 1. What is the units digit of x(0)?
1
Let y = -3 - 7. What is the units digit of (-3)/(-6)*-2 - y?
9
Let j(p) = p**3 - 7*p**2 - 9*p. Let b be j(8). Let c(s) = -6*s - 20. What is the tens digit of c(b)?
2
Let n = 4 - 3. Let t be (-1)/n + 1 + 2. Suppose s - t*s + 12 = 0. What is the tens digit of s?
1
Let x(d) = d**3 - 5*d**2 + 4*d + 2. Let z = 11 + -7. What is the units digit of x(z)?
2
Suppose 28 = 3*a - 20. Let m(y) = -y**3 + 15*y**2 + 20*y - 10. What is the tens digit of m(a)?
5
What is the tens digit of (-47)/(-2) - (-3)/(-2)?
2
Let n be (-596)/28 + 4/14. Let q = n + 26. What is the units digit of q?
5
Let x(a) = 2*a - 2. Let c(m) = m**2 + 4*m - 7. Let u be c(-5). Let f be x(u). Let o = 8 + f. What is the units digit of o?
2
What is the tens digit of (-4)/24*3 + 71/2?
3
Let q(w) = w**3 + 6*w**2 - 8*w + 5. Let o = 1 - -4. Suppose 9 = -o*c - 26. What is the tens digit of q(c)?
1
Suppose -2*h - 2*h - 108 = -4*o, 0 = 5*o + 4*h - 135. What is the units digit of o?
7
Let g = 485 - 183. What is the tens digit of g?
0
What is the units digit of (-9)/(-3)*(1150/6)/5?
5
Let r(l) = 2*l**2 - l - 1. Suppose -4*n + 3*j - 1 = -0*j, 5*n + 2*j + 7 = 0. Let p be r(n). What is the units digit of (-3)/(-5) + p/5?
1
Let m(n) = -2*n + 2. Let v be m(5). Let y = v - -7. What is the units digit of 8/(-1 + y + 4)?
4
Suppose 0 = -z - 3*z - 188. Let w = z + 79. What is the tens digit of w?
3
Let k(h) = -13*h**3 + 3*h**2 + 4*h + 2. What is the units digit of k(-2)?
0
Suppose 0 = -3*v - v + 28. Let x = v - 3. Suppose 0*k - 24 = -x*k. What is the units digit of k?
6
Let l(s) = s**2 - 6*s + 2. Let p be l(6). Suppose 0 = 5*a + j - 10, 0 = -p*a + 3*j - 9 - 4. What is the units digit of a?
1
Let s(b) = b - b**3 + 3 - 3*b + b + 7*b**2 + 2*b. What is the units digit of s(7)?
0
Suppose -5*d + 15 = -0*d. Suppose -72 = -4*k + 3*b + 1, 0 = -d*k - 3*b + 39. What is the units digit of k?
6
Let m = 17 + 2. What is the units digit of m?
9
Suppose -3*j = 2*d + d - 63, 2*d - 41 = -j. What is the tens digit of d?
2
Let r be (-3)/(0 + 4/20). Let h = r + 32. What is the units digit of h?
7
Let q(a) = 38*a - 5. What is the hundreds digit of q(4)?
1
Suppose 3*j + 18 = -0*j. Let z(w) = w**2 + 6*w + 5. Let a be z(j). Let b = a - 0. What is the units digit of b?
5
Let a(y) = 4*y**3 + 2*y**2 + 2*y + 1. Suppose 2*z = -3*z - 5. Let s be a(z). Let g = s + 4. What is the units digit of g?
1
Suppose 3*k + 2*k = 15. Let s = -9 + 7. Let r = k - s. What is the units digit of r?
5
Suppose -z = 5*u - 329, 2*u = -5*z + 2*z + 142. Let f = u - 39. What is the units digit of f?
6
Suppose -g = r, -6 + 3 = g + 4*r. Let u(x) = -4 + 13*x**2 + 4. What is the tens digit of u(g)?
1
Le